 - 87*p - 650444. Is p composite?
False
Is 2/(-89) - (-11312563650)/74226 composite?
False
Let m be 1/2*-28 - 0. Is m/84 + 9566/12 a prime number?
True
Let j be 4*-103*(0 - 14/4). Let v = j - -1020. Let g = -1711 + v. Is g prime?
True
Let c(a) = -109834*a + 345. Is c(-4) a composite number?
True
Let o(v) = -17*v - 6. Let n be (4/(-6))/((-34)/(-51)). Let k be n/2*0 + -7. Is o(k) prime?
True
Suppose 0 = 6*a - 3*a + m - 2771, 5*a - 4637 = 3*m. Let i be ((-16)/6)/((-36)/5751). Let u = a - i. Is u prime?
True
Suppose j = -4*a + 2*a - 7, -4*a + 11 = -3*j. Is a/(1 + 82980/(-82974)) prime?
True
Suppose -a - 12 = -1. Let n(p) = -p**3 - 12*p**2 - 17*p - 14. Let c(t) = -t**3 - 12*t**2 - 16*t - 14. Let x(f) = -7*c(f) + 6*n(f). Is x(a) prime?
False
Let k(j) = -28*j**2 + 11 + 142*j**2 + 8*j - 22. Is k(-7) prime?
True
Let l(y) = 2*y + 3 + 5 - 3. Let t be l(-3). Is 3*(-239)/t + (-26 - -22) a prime number?
False
Suppose 725797 = 13*k - 300566. Is k prime?
False
Suppose 14*i - 49*i = 4641280. Let h = i - -204013. Is h composite?
True
Let x = -1564693 + 4016250. Is x composite?
False
Let z(u) = u**3 - 30*u**2 + 144*u - 221. Is z(48) prime?
True
Suppose -87*p - 21468 = -91*p. Suppose 4*q + 1075 - p = 0. Is q a composite number?
True
Let z = -25 + 31. Suppose -13*i + 12*i + z = 0. Let l(y) = 142*y - 1. Is l(i) composite?
True
Let x = -62 + 62. Let f be -1 + x + (-6)/(-2). Suppose -1690 = -f*n + 2076. Is n a composite number?
True
Let w(d) = d**2 - 4*d - 1. Let r be 0/1 - (-7 - (-5 + 2)). Let a be w(r). Is (-1746)/12*(-4)/(-2)*a a composite number?
True
Suppose -1283841 = -116*l - l. Is l a composite number?
False
Suppose 0 = 64*k - 1418424 - 7655560. Is k composite?
True
Let q be 45388 + 9*1/3. Suppose q = o + 18*o. Is o prime?
True
Suppose 85841 = 5*d + 4*n - 237898, -323731 = -5*d + 4*n. Is d a prime number?
True
Suppose -2*s - 82 = -92. Suppose -s*a + 4*k = -0*k - 113031, -22591 = -a - 3*k. Is a a composite number?
True
Let t(r) be the first derivative of -r**3/3 + 8*r**2 - 32*r - 32. Let v be t(14). Is (-859)/(-1 + v - -4) prime?
True
Let b(l) = -195*l - 1. Suppose -5*c - 4*c = -108. Suppose -6*s = -9*s - c. Is b(s) a prime number?
False
Suppose -8738*v = -4368*v - 4368*v - 8506. Is v a prime number?
True
Suppose 0 = 5*o - o - 2*a + 52378, -3*o = 4*a + 39300. Is (-7)/(140/o)*5 composite?
True
Let l(m) = 1 - 320*m + 12*m**3 - 4*m**2 - 319*m + 956*m - 322*m. Suppose -5*k = 2*b - 28 + 6, 1 = b. Is l(k) prime?
False
Let w be (-63)/168 + ((-56883)/(-8) - -1). Is 0/(2 + -4) + w composite?
True
Is ((-150)/12)/5 - 286108/(-8) a composite number?
True
Suppose 2*j + 1 = j. Let w be 13/4*((-4 - 7) + j). Is (-171255)/w - (-4)/(-26) prime?
True
Let j(g) = 2*g**3 - 13*g**2 + 14*g + 3. Suppose 2*v = 4, -3*v + 0 = -u + 2. Is j(u) composite?
False
Let o = 2220 - -8977. Is o composite?
False
Let b be ((-18)/(-15))/((-3)/(-59390)). Suppose 0 = 2*w - 29201 - 42013. Let d = w - b. Is d prime?
False
Suppose w - 753 = -4*u, -5*u = -w - 2*w + 2276. Let g = w + -116. Is g a composite number?
False
Let d = -57 + 60. Suppose h = -d*v + 12, -2*v + h + 8 = -v. Suppose -12580 = -5*o + v*z, 21 - 6 = -5*z. Is o a prime number?
False
Suppose 0 = -2*a + 2*p, p = -4*a + 10 + 10. Suppose -a*k - 3058 = -27510. Is k a prime number?
True
Let x be (24194/(-4))/(5/(-90)). Suppose 7*h = -2*h + x. Is h a prime number?
True
Let m(t) = -5*t**2 - t + 40. Let g be m(0). Is (-4)/32 - (-135405)/g a prime number?
False
Suppose -2*y - 1747 = -2*q + 5057, -13578 = -4*q - 2*y. Suppose 119*s = 118*s + q. Is s composite?
True
Let m = 341 + 30297. Suppose 0*j - 40847 = -4*k + 5*j, -3*k + j = -m. Is k a prime number?
False
Let r = 74221 - 50375. Is r prime?
False
Let o(g) = 3775*g - 65. Let s be o(8). Suppose s = 11*h - 24392. Is h composite?
False
Let f = -19830 - -32497. Is f a prime number?
False
Let z(q) = -q**3 - 24 - 2*q + 18*q**2 - 13*q - 3*q. Let f be z(17). Let s = 80 + f. Is s a prime number?
False
Let b be (-10 - -7)/(-12 - -9). Suppose -5*a + 4*a + 4386 = 5*p, -b = -a. Is p a prime number?
True
Let v be 9/3*(1288/12 + 5). Suppose v = 4*a - 4147. Is a a composite number?
True
Suppose -y + 2*u + 106277 + 16496 = 0, -5*y + 613832 = u. Is y composite?
True
Suppose -96*p + 10216943 + 5620156 = -3154677. Is p a prime number?
True
Is ((-4)/(-8))/((-61)/(-5415458)) composite?
False
Let d(c) = 38*c**2 + 90*c + 2499. Is d(-57) a composite number?
True
Suppose -10*l + 62530 = 15740. Is l a prime number?
True
Let o be (-38 + 39)/(2/(-744 + -2)). Let u be (10/(-3))/((-1)/(-3)). Is (o/(-3))/(u/(-30)) prime?
True
Let y(x) = 1757*x**2 + 124*x - 2521. Is y(18) a composite number?
False
Let j be (6/(-4))/((-1)/1424). Is ((-10)/(-8))/(6/j) a prime number?
False
Suppose 6*y = 3*y - 651. Let j = 1470 + y. Suppose o + 2*a = -0*a + j, 3749 = 3*o + 4*a. Is o composite?
True
Suppose 9*g + 5013 = 24633. Suppose 0*a = -20*a + g. Is a prime?
True
Let d be (1 + (-1 - 4))*10/20. Let c(m) = 259*m**2 + 8*m - 1. Let b(v) = 130*v**2 + 4*v - 1. Let z(o) = -7*b(o) + 4*c(o). Is z(d) prime?
True
Suppose 2*p = 1 + 3, -3*c = -5*p - 2. Suppose -3*q - 4*g - 1 = g, -c*q + 16 = -2*g. Suppose 178 = q*h - x - 462, -5*h + 5*x + 1060 = 0. Is h composite?
True
Suppose 7*v + 65 = 20*v. Suppose g = -t + v*t - 12609, t - 3126 = -5*g. Suppose 8675 - t = 4*y. Is y a composite number?
False
Suppose 0 = -5*c + 2*h + 257845, -2*c + 20623 = -4*h - 82499. Is c composite?
True
Suppose -13*z + 70 = 57. Suppose 0 = 2*t + 2*o - 6844, -6 = o - z. Is t a prime number?
False
Let k(z) = -z**3 + 6*z**2 + 9*z - 2. Let d be k(7). Suppose 2584 + 294 = b + 3*w, -3*w = 12. Suppose d*a - b - 602 = 0. Is a prime?
False
Is (4 - 0) + 1120/(-245) + 1508970/14 a prime number?
False
Let u be 20*((-33)/4)/(-3). Let k = 57 - u. Let t(z) = 48*z**3 - 2*z + 3. Is t(k) composite?
False
Let h = 467 - -516. Suppose -3*w + h = 386. Is w a composite number?
False
Suppose 59 = 11*h - 29. Suppose -12*k + 4964 = -h*k. Is k a composite number?
True
Let x(m) = m**2 + 7*m + 209. Suppose 0*l = -5*l - 11*l. Is x(l) a composite number?
True
Let s(z) = 4*z**2 - 31*z + 43. Let j be s(-13). Let y = j - -5981. Is y a composite number?
False
Let i(a) = -a**2 - a. Let q(m) = 4*m**2 - 16*m - 5. Let h(t) = 2*i(t) + q(t). Let y be h(9). Is -1316*1/y - 2/10 composite?
False
Suppose 0*a = 4*a - 3*u - 70, 4*a - 60 = -2*u. Suppose 5*n + 0*t = -4*t + 17, -2*n + 3*t + a = 0. Suppose -5*l = -5*g + 836 + 2024, -5*l = n. Is g prime?
True
Let h be ((-33)/(-22))/((-1)/(-4)). Is 31772/39 - (-2)/h composite?
True
Let c(f) = f - 7. Let u be c(12). Let y be u*(30305/25 + 1). Let n = -4048 + y. Is n a composite number?
True
Suppose 211 - 531 = 20*d. Is (11082/(-15))/(d/40) a prime number?
True
Let h = 26 + -24. Suppose -h*v + 0*m = 3*m + 21, -m - 5 = 0. Is 6/v + 9 + 162 a prime number?
False
Let s = 24250 - -11089. Is s composite?
False
Is 16/1*(-27)/(-54) + 5799 prime?
True
Let f(i) = -5961*i + 19. Let z be f(-19). Suppose 28*b - z = 86950. Is b a prime number?
True
Suppose h = -224 + 3297. Suppose -5*n + 620 = i, -3*i - 2*i + h = -2*n. Suppose b = -3*x + 1596, -2*x + 463 = -4*b - i. Is x composite?
True
Suppose -3*g + 300792 = 3*t, -31*t + 27*t - g = -401065. Is t a prime number?
True
Is (0 + (-252236)/8)/(-1*(-5)/(-10)) a composite number?
False
Suppose 2*w + 22774 = 4*d, -19*w = -5*d - 23*w + 28461. Let n = 10228 - d. Is n prime?
False
Suppose m = 4*m - 206451. Let g = m - 34694. Is g composite?
False
Suppose 5*m - 162 = u, 81 = 2*m + 7*u - 2*u. Suppose -26*g - 1491 = -m*g. Is g a prime number?
False
Let z be (-12)/(-18)*4245/10. Suppose 277*u - z*u = -34014. Is u a composite number?
False
Suppose -2*f = -3*i + 2790, -f - i - 1377 = 2*i. Is 6 - f - (-4)/(-1 - -2) composite?
False
Let i be 3 - -2*(-3)/(-6). Suppose -4*s = -4*s - i*s. Suppose s = 12*k - 71 - 2965. Is k a prime number?
False
Let u(y) be the second derivative of 53*y**5/20 - y**4/6 + 7*y**3/3 - 18*y**2 - 15*y + 1. Is u(7) a prime number?
True
Let y(f) = -918*f + 1045. Is y(-13) a composite number?
False
Let j be 0 - (-38256)/(-45) - (-22)/165. Let g = j + 1196. Is g a composite number?
True
Suppose 559754 = 2*c + 3*j - 672780, -3*c + j + 1848779 = 0. Is c prime?
True
Let x(m) be the third derivative of -307*m**6/60 - m**3/2 + 3*m**2. Let l = 456 + -458. 